{"id":325,"date":"2015-05-17T21:47:17","date_gmt":"2015-05-17T20:47:17","guid":{"rendered":"http:\/\/chatsulissiens91.fr\/?page_id=325"},"modified":"2026-01-18T21:51:42","modified_gmt":"2026-01-18T20:51:42","slug":"faire-un-don","status":"publish","type":"page","link":"https:\/\/www.chatsulissiens91.fr\/?page_id=325","title":{"rendered":"Faire un Don \/ Adh\u00e9rer"},"content":{"rendered":"\n<p>La liste de nos postes de d\u00e9penses pour nos minous est longue. Vous pouvez nous soutenir en adh\u00e9rant \u00e0 l\u2019association (15\u20ac\/an), et\/ou en nous adressant un\u00a0<strong>don<\/strong>.<\/p>\n\n\n\n<p>_______________________________________________________________________________________<\/p>\n\n\n\n<p><strong><mark style=\"background-color:rgba(0, 0, 0, 0)\" class=\"has-inline-color has-vivid-red-color\">### NOUVEAU : ADHESION EN LIGNE SUR HELLOASSO ###<\/mark><\/strong><\/p>\n\n\n\n<p><a href=\"https:\/\/www.helloasso.com\/associations\/chats-ulissiens\/adhesions\/adhesion-2026\">https:\/\/www.helloasso.com\/associations\/chats-ulissiens\/adhesions\/adhesion-2026<\/a><\/p>\n\n\n\n<p>_______________________________________________________________________________________<\/p>\n\n\n\n<p>Pour faire un don, plusieurs voies sont possibles :<\/p>\n\n\n\n<ul class=\"wp-block-list\">\n<li>Virement par&nbsp;<a href=\"https:\/\/www.paypal.com\/fr\/home\/\">Paypal<\/a>&nbsp;: utiliser l\u2019adresse&nbsp;<strong>chatsulissiens@yahoo.fr<\/strong>&nbsp;(<em>bien penser \u00e0 cocher \u00ab&nbsp;envoi entre proches&nbsp;\u00bb, sinon, une partie du don est perdue<\/em>)<\/li>\n\n\n\n<li>Par Carte Bancaire, sur le site d\u2019HelloAsso&nbsp; &nbsp; &nbsp; &nbsp; &nbsp;&nbsp;<a rel=\"noreferrer noopener\" href=\"https:\/\/www.helloasso.com\/associations\/chats-ulissiens\" target=\"_blank\">Aller sur HelloAsso \/ Chats U<\/a><a href=\"https:\/\/www.helloasso.com\/associations\/chats-ulissiens\" target=\"_blank\" rel=\"noreferrer noopener\">lissiens<\/a><\/li>\n\n\n\n<li>En versant 1 \u20ac par mois, sur le site Teaming&nbsp; &nbsp;&nbsp; &nbsp;&nbsp;<a href=\"https:\/\/www.teaming.net\/chatsulissiens?lang=fr_FR\" target=\"_blank\" rel=\"noreferrer noopener\">Aller sur le site Teaming \/ Chats Ulissiens<\/a><\/li>\n\n\n\n<li>Par virement, en nous contactant par mail pour recevoir notre RIB&nbsp;<a href=\"mailto:chatsulissiens@gmail.com\" target=\"_blank\" rel=\"noreferrer noopener\">chatsulissiens@gmail.com<\/a><\/li>\n\n\n\n<li>Par ch\u00e8que, de pr\u00e9f\u00e9rence en nous adressant par courrier postal le bulletin d\u2019adh\u00e9sion \/ de don ci-dessous avec votre ch\u00e8que (cliquez sur le lien de gauche en rose ou l\u2019image pour l\u2019enregistrer et l\u2019imprimer ou recopiez le sur papier libre)<\/li>\n<\/ul>\n\n\n\n<div data-wp-interactive=\"core\/file\" class=\"wp-block-file aligncenter\"><object data-wp-bind--hidden=\"!state.hasPdfPreview\" hidden class=\"wp-block-file__embed\" data=\"https:\/\/www.chatsulissiens91.fr\/wp-content\/uploads\/2025\/10\/Bulletin-adhesion-2025-2.pdf\" type=\"application\/pdf\" style=\"width:100%;height:217px\" aria-label=\"Contenu embarqu\u00e9 Bulletin-adhesion-2025-2.\"><\/object><a id=\"wp-block-file--media-35094bb3-23be-4600-a4c0-3cbdbdb408e1\" href=\"https:\/\/www.chatsulissiens91.fr\/wp-content\/uploads\/2025\/10\/Bulletin-adhesion-2025-2.pdf\">Bulletin-adhesion-2025-2<\/a><a href=\"https:\/\/www.chatsulissiens91.fr\/wp-content\/uploads\/2025\/10\/Bulletin-adhesion-2025-2.pdf\" class=\"wp-block-file__button wp-element-button\" download aria-describedby=\"wp-block-file--media-35094bb3-23be-4600-a4c0-3cbdbdb408e1\">T\u00e9l\u00e9charger<\/a><\/div>\n","protected":false},"excerpt":{"rendered":"<p>La liste de nos postes de d\u00e9penses pour nos minous est longue. Vous pouvez nous soutenir en adh\u00e9rant \u00e0 l\u2019association (15\u20ac\/an), et\/ou en nous adressant un\u00a0don. _______________________________________________________________________________________ ### NOUVEAU : ADHESION EN LIGNE SUR HELLOASSO ### https:\/\/www.helloasso.com\/associations\/chats-ulissiens\/adhesions\/adhesion-2026 _______________________________________________________________________________________ Pour faire un don, plusieurs voies sont possibles :<\/p>\n<p class=\"continue-reading-button\"> <a class=\"continue-reading-link\" href=\"https:\/\/www.chatsulissiens91.fr\/?page_id=325\">Lire la suite<i class=\"crycon-right-dir\"><\/i><\/a><\/p>\n","protected":false},"author":17,"featured_media":0,"parent":0,"menu_order":0,"comment_status":"closed","ping_status":"closed","template":"","meta":{"footnotes":""},"class_list":["post-325","page","type-page","status-publish","hentry"],"jetpack_sharing_enabled":true,"_links":{"self":[{"href":"https:\/\/www.chatsulissiens91.fr\/index.php?rest_route=\/wp\/v2\/pages\/325","targetHints":{"allow":["GET"]}}],"collection":[{"href":"https:\/\/www.chatsulissiens91.fr\/index.php?rest_route=\/wp\/v2\/pages"}],"about":[{"href":"https:\/\/www.chatsulissiens91.fr\/index.php?rest_route=\/wp\/v2\/types\/page"}],"author":[{"embeddable":true,"href":"https:\/\/www.chatsulissiens91.fr\/index.php?rest_route=\/wp\/v2\/users\/17"}],"replies":[{"embeddable":true,"href":"https:\/\/www.chatsulissiens91.fr\/index.php?rest_route=%2Fwp%2Fv2%2Fcomments&post=325"}],"version-history":[{"count":31,"href":"https:\/\/www.chatsulissiens91.fr\/index.php?rest_route=\/wp\/v2\/pages\/325\/revisions"}],"predecessor-version":[{"id":10301,"href":"https:\/\/www.chatsulissiens91.fr\/index.php?rest_route=\/wp\/v2\/pages\/325\/revisions\/10301"}],"wp:attachment":[{"href":"https:\/\/www.chatsulissiens91.fr\/index.php?rest_route=%2Fwp%2Fv2%2Fmedia&parent=325"}],"curies":[{"name":"wp","href":"https:\/\/api.w.org\/{rel}","templated":true}]}}