{"id":2357,"date":"2017-07-20T15:35:55","date_gmt":"2017-07-20T14:35:55","guid":{"rendered":"http:\/\/chatsulissiens91.fr\/?page_id=2357"},"modified":"2023-11-26T16:36:24","modified_gmt":"2023-11-26T15:36:24","slug":"contact","status":"publish","type":"page","link":"https:\/\/www.chatsulissiens91.fr\/?page_id=2357","title":{"rendered":"Contact"},"content":{"rendered":"<p>Vous pouvez nous contacter :<\/p>\n<ul>\n<li>Par t\u00e9l\u00e9phone, au <strong>06.71.95.67.49<\/strong>\u00a0<\/li>\n<li>Par mail, \u00e0 <a href=\"mailto:chatsulissiens@gmail.com\" target=\"_blank\" rel=\"noopener\">chatsulissiens@gmail.com<\/a><\/li>\n<li>Via le messenger de facebook :\u00a0<a href=\"https:\/\/www.facebook.com\/profile.php?id=100064311474671\" target=\"_blank\" rel=\"noopener\">Association Chats Ulissiens sur Facebook<\/a><\/li>\n<li>Via le formulaire de contact (nous vous r\u00e9pondrons au plus vite) :\n<ul>\n<li>prenez connaissance des dispositions relatives \u00e0 la gestion des donn\u00e9es personnelles ci-dessous, avant de le remplir<\/li>\n<\/ul>\n<\/li>\n<\/ul>\n\n\n<div class=\"wp-block-buttons is-layout-flex\">\n<div class=\"wp-block-button\"><a class=\"wp-block-button__link wp-element-button\" href=\"https:\/\/www.chatsulissiens91.fr\/?page_id=8550\">FORMULAIRE DE CONTACT<\/a><\/div>\n<\/div>\n\n\n\n<p><\/p>\n\n\n\n<p class=\"has-small-font-size\">L&rsquo;association Chats Ulissiens assure la responsabilit\u00e9 du traitement informatique des donn\u00e9es personnelles (pour toute question relative au traitement de vos donn\u00e9es personnelles : <a href=\"mailto:chatsulissiens@gmail.com\" data-type=\"mailto\" data-id=\"mailto:chatsulissiens@gmail.com\">chatsulissiens@gmail.com<\/a>).<\/p>\n\n\n\n<p class=\"has-small-font-size\">Les donn\u00e9es personnelles collect\u00e9es ne sont utilis\u00e9es que pour apporter une r\u00e9ponse \u00e0 votre sollicitation. En remplissant le formulaire ci-dessus, vous acceptez que l&rsquo;association Chats Ulissiens dispose de ces donn\u00e9es et les utilise pour vous contacter en retour.<\/p>\n\n\n\n<p class=\"has-small-font-size\">Il est obligatoire de renseigner les informations personnelles pour que l&rsquo;association puisse vous contacter en retour !<\/p>\n\n\n\n<p class=\"has-small-font-size\">Vous disposez du droit de refuser la collecte de vos donn\u00e9es personnelles (<strong>ne remplissez pas le formulaire dans ce cas<\/strong>), d&rsquo;acc\u00e9der sur simple demande aux donn\u00e9es enregistr\u00e9es, de rectifier ces donn\u00e9es ou encore d&rsquo;en demander leur suppression.<\/p>\n\n\n\n<p class=\"has-small-font-size\">En tant qu&rsquo;internaute, vous disposez du droit l\u00e9gitime d&rsquo;introduire une r\u00e9clamation aupr\u00e8s de la <a href=\"http:\/\/www.cnil.fr\" data-type=\"URL\" data-id=\"www.cnil.fr\">Cnil<\/a>.<\/p>\n\n\n\n<p><\/p>\n\n\n\n<p><\/p>\n","protected":false},"excerpt":{"rendered":"<p>Vous pouvez nous contacter : Par t\u00e9l\u00e9phone, au 06.71.95.67.49\u00a0 Par mail, \u00e0 chatsulissiens@gmail.com Via le messenger de facebook :\u00a0Association Chats Ulissiens sur Facebook Via le formulaire de contact (nous vous r\u00e9pondrons au plus vite) : prenez connaissance des dispositions relatives \u00e0 la gestion des donn\u00e9es personnelles ci-dessous, avant de le\u2026<\/p>\n<p class=\"continue-reading-button\"> <a class=\"continue-reading-link\" href=\"https:\/\/www.chatsulissiens91.fr\/?page_id=2357\">Lire la suite<i class=\"crycon-right-dir\"><\/i><\/a><\/p>\n","protected":false},"author":17,"featured_media":0,"parent":0,"menu_order":0,"comment_status":"closed","ping_status":"closed","template":"","meta":[],"jetpack_sharing_enabled":true,"_links":{"self":[{"href":"https:\/\/www.chatsulissiens91.fr\/index.php?rest_route=\/wp\/v2\/pages\/2357"}],"collection":[{"href":"https:\/\/www.chatsulissiens91.fr\/index.php?rest_route=\/wp\/v2\/pages"}],"about":[{"href":"https:\/\/www.chatsulissiens91.fr\/index.php?rest_route=\/wp\/v2\/types\/page"}],"author":[{"embeddable":true,"href":"https:\/\/www.chatsulissiens91.fr\/index.php?rest_route=\/wp\/v2\/users\/17"}],"replies":[{"embeddable":true,"href":"https:\/\/www.chatsulissiens91.fr\/index.php?rest_route=%2Fwp%2Fv2%2Fcomments&post=2357"}],"version-history":[{"count":17,"href":"https:\/\/www.chatsulissiens91.fr\/index.php?rest_route=\/wp\/v2\/pages\/2357\/revisions"}],"predecessor-version":[{"id":9100,"href":"https:\/\/www.chatsulissiens91.fr\/index.php?rest_route=\/wp\/v2\/pages\/2357\/revisions\/9100"}],"wp:attachment":[{"href":"https:\/\/www.chatsulissiens91.fr\/index.php?rest_route=%2Fwp%2Fv2%2Fmedia&parent=2357"}],"curies":[{"name":"wp","href":"https:\/\/api.w.org\/{rel}","templated":true}]}}